{"id":4630,"date":"2024-05-07T13:10:00","date_gmt":"2024-05-07T19:10:00","guid":{"rendered":"https:\/\/sites.library.ualberta.ca\/ior-2020\/?page_id=4630"},"modified":"2024-05-19T14:19:43","modified_gmt":"2024-05-19T20:19:43","slug":"ethical-spaces-2","status":"publish","type":"page","link":"https:\/\/sites.library.ualberta.ca\/ior-2020\/submissions-2024\/ethical-spaces-2","title":{"rendered":"Ethical Spaces"},"content":{"rendered":"\n<h4 class=\"wp-block-heading\">Submission 2024<\/h4>\n\n\n\n<div class=\"wp-block-columns is-layout-flex wp-container-core-columns-is-layout-28f84493 wp-block-columns-is-layout-flex\">\n<div class=\"wp-block-column is-layout-flow wp-block-column-is-layout-flow\">\n<figure class=\"wp-block-image size-large\"><a href=\"https:\/\/sites.library.ualberta.ca\/ior-2020\/wp-content\/uploads\/sites\/4\/2024\/05\/ethical-spaces.jpg\"><img loading=\"lazy\" decoding=\"async\" width=\"768\" height=\"1024\" src=\"https:\/\/sites.library.ualberta.ca\/ior-2020\/wp-content\/uploads\/sites\/4\/2024\/05\/ethical-spaces-768x1024.jpg\" alt=\"s\u00e2kihitowin\" class=\"wp-image-4574\" srcset=\"https:\/\/sites.library.ualberta.ca\/ior-2020\/wp-content\/uploads\/sites\/4\/2024\/05\/ethical-spaces-768x1024.jpg 768w, https:\/\/sites.library.ualberta.ca\/ior-2020\/wp-content\/uploads\/sites\/4\/2024\/05\/ethical-spaces-225x300.jpg 225w, https:\/\/sites.library.ualberta.ca\/ior-2020\/wp-content\/uploads\/sites\/4\/2024\/05\/ethical-spaces-1152x1536.jpg 1152w, https:\/\/sites.library.ualberta.ca\/ior-2020\/wp-content\/uploads\/sites\/4\/2024\/05\/ethical-spaces.jpg 1200w\" sizes=\"auto, (max-width: 768px) 100vw, 768px\" \/><\/a><\/figure>\n<\/div>\n\n\n\n<div class=\"wp-block-column is-layout-flow wp-block-column-is-layout-flow\">\n<figure class=\"wp-block-table\"><table><tbody><tr><td>Submitted by:<\/td><td>Danielle Steele<\/td><\/tr><tr><td>Department:<\/td><td>Indigenous Peoples Education<\/td><\/tr><tr><td>Faculty:<\/td><td>Education<\/td><\/tr><\/tbody><\/table><\/figure>\n\n\n\n<div style=\"height:15px\" aria-hidden=\"true\" class=\"wp-block-spacer\"><\/div>\n\n\n\n<p>This picture was taken of several students, staff and researchers from the Aboriginal Teacher Education Program before a presentation that we facilitated about ethical learning spaces and why ATEP needs to exist. Our work is heart-led, in the spirit of s\u00e2kihitowin (love), w\u00e2kohtowin (kinship) and w\u00eecihitowin (sharing).<\/p>\n\n\n\n<p><em>Was your image created using Generative AI?<\/em><br>No.<\/p>\n\n\n\n<p><em>How was your image created?<\/em><br>This was meant to capture a moment of being together, in gratitude.<\/p>\n<\/div>\n<\/div>\n","protected":false},"excerpt":{"rendered":"<p>Submission 2024 Submitted by: Danielle Steele Department: Indigenous Peoples Education Faculty: Education This picture was taken of several students, staff and researchers from the Aboriginal Teacher Education Program before a presentation that we facilitated about ethical learning spaces and why ATEP needs to exist. Our work is heart-led, in the spirit of s\u00e2kihitowin (love), w\u00e2kohtowin [&hellip;]<\/p>\n","protected":false},"author":3,"featured_media":0,"parent":4947,"menu_order":0,"comment_status":"closed","ping_status":"closed","template":"","meta":{"site-sidebar-layout":"default","site-content-layout":"","ast-site-content-layout":"default","site-content-style":"default","site-sidebar-style":"default","ast-global-header-display":"","ast-banner-title-visibility":"","ast-main-header-display":"","ast-hfb-above-header-display":"","ast-hfb-below-header-display":"","ast-hfb-mobile-header-display":"","site-post-title":"","ast-breadcrumbs-content":"","ast-featured-img":"","footer-sml-layout":"","ast-disable-related-posts":"","theme-transparent-header-meta":"","adv-header-id-meta":"","stick-header-meta":"","header-above-stick-meta":"","header-main-stick-meta":"","header-below-stick-meta":"","astra-migrate-meta-layouts":"default","ast-page-background-enabled":"default","ast-page-background-meta":{"desktop":{"background-color":"","background-image":"","background-repeat":"repeat","background-position":"center center","background-size":"auto","background-attachment":"scroll","background-type":"","background-media":"","overlay-type":"","overlay-color":"","overlay-opacity":"","overlay-gradient":""},"tablet":{"background-color":"","background-image":"","background-repeat":"repeat","background-position":"center center","background-size":"auto","background-attachment":"scroll","background-type":"","background-media":"","overlay-type":"","overlay-color":"","overlay-opacity":"","overlay-gradient":""},"mobile":{"background-color":"","background-image":"","background-repeat":"repeat","background-position":"center center","background-size":"auto","background-attachment":"scroll","background-type":"","background-media":"","overlay-type":"","overlay-color":"","overlay-opacity":"","overlay-gradient":""}},"ast-content-background-meta":{"desktop":{"background-color":"var(--ast-global-color-5)","background-image":"","background-repeat":"repeat","background-position":"center center","background-size":"auto","background-attachment":"scroll","background-type":"","background-media":"","overlay-type":"","overlay-color":"","overlay-opacity":"","overlay-gradient":""},"tablet":{"background-color":"var(--ast-global-color-5)","background-image":"","background-repeat":"repeat","background-position":"center center","background-size":"auto","background-attachment":"scroll","background-type":"","background-media":"","overlay-type":"","overlay-color":"","overlay-opacity":"","overlay-gradient":""},"mobile":{"background-color":"var(--ast-global-color-5)","background-image":"","background-repeat":"repeat","background-position":"center center","background-size":"auto","background-attachment":"scroll","background-type":"","background-media":"","overlay-type":"","overlay-color":"","overlay-opacity":"","overlay-gradient":""}},"footnotes":""},"class_list":["post-4630","page","type-page","status-publish","hentry"],"_links":{"self":[{"href":"https:\/\/sites.library.ualberta.ca\/ior-2020\/wp-json\/wp\/v2\/pages\/4630","targetHints":{"allow":["GET"]}}],"collection":[{"href":"https:\/\/sites.library.ualberta.ca\/ior-2020\/wp-json\/wp\/v2\/pages"}],"about":[{"href":"https:\/\/sites.library.ualberta.ca\/ior-2020\/wp-json\/wp\/v2\/types\/page"}],"author":[{"embeddable":true,"href":"https:\/\/sites.library.ualberta.ca\/ior-2020\/wp-json\/wp\/v2\/users\/3"}],"replies":[{"embeddable":true,"href":"https:\/\/sites.library.ualberta.ca\/ior-2020\/wp-json\/wp\/v2\/comments?post=4630"}],"version-history":[{"count":4,"href":"https:\/\/sites.library.ualberta.ca\/ior-2020\/wp-json\/wp\/v2\/pages\/4630\/revisions"}],"predecessor-version":[{"id":5210,"href":"https:\/\/sites.library.ualberta.ca\/ior-2020\/wp-json\/wp\/v2\/pages\/4630\/revisions\/5210"}],"up":[{"embeddable":true,"href":"https:\/\/sites.library.ualberta.ca\/ior-2020\/wp-json\/wp\/v2\/pages\/4947"}],"wp:attachment":[{"href":"https:\/\/sites.library.ualberta.ca\/ior-2020\/wp-json\/wp\/v2\/media?parent=4630"}],"curies":[{"name":"wp","href":"https:\/\/api.w.org\/{rel}","templated":true}]}}